{"id":3,"date":"2023-02-02T04:54:07","date_gmt":"2023-02-02T04:54:07","guid":{"rendered":"https:\/\/www.vcc.com.mx\/?page_id=3"},"modified":"2025-04-02T08:52:03","modified_gmt":"2025-04-02T14:52:03","slug":"politica-privacidad","status":"publish","type":"page","link":"https:\/\/www.vcc.com.mx\/index.php\/politica-privacidad\/","title":{"rendered":"Pol\u00edtica de privacidad"},"content":{"rendered":"\n[et_pb_section fb_built=\u00bb1&#8243; admin_label=\u00bbsection\u00bb _builder_version=\u00bb4.16&#8243; global_colors_info=\u00bb{}\u00bb][et_pb_row admin_label=\u00bbrow\u00bb _builder_version=\u00bb4.16&#8243; background_size=\u00bbinitial\u00bb background_position=\u00bbtop_left\u00bb background_repeat=\u00bbrepeat\u00bb global_colors_info=\u00bb{}\u00bb][et_pb_column type=\u00bb4_4&#8243; _builder_version=\u00bb4.16&#8243; custom_padding=\u00bb|||\u00bb global_colors_info=\u00bb{}\u00bb custom_padding__hover=\u00bb|||\u00bb][et_pb_text admin_label=\u00bbText\u00bb _builder_version=\u00bb4.16&#8243; background_size=\u00bbinitial\u00bb background_position=\u00bbtop_left\u00bb background_repeat=\u00bbrepeat\u00bb global_colors_info=\u00bb{}\u00bb]<h2 class=\"wp-block-heading\">AVISO DE PRIVACIDAD<\/h2>\n<p>En atenci\u00f3n a la Ley Federal de Protecci\u00f3n de Datos Personales en Posesi\u00f3n de Particulares (de ahora en adelante la \u00abLey\u00bb), VCC Sistemas, S.A. de C.V. (VCC), con domicilio en Angel Urraza #267 Col. Vertiz Narvarte, M\u00e9xico, D.F., hace de su conocimiento la siguiente informaci\u00f3n, solicitando la lectura detenida de la misma. En la recolecci\u00f3n de Datos Personales seguimos todos los principios que se\u00f1ala el Art. 6 de la Ley, que son: licitud, calidad, consentimiento, informaci\u00f3n, finalidad, lealtad, proporcionalidad y responsabilidad.<\/p>\n<p>Este aviso tiene aplicaci\u00f3n a todas las empresas subsidiarias y afiliadas de VCC, as\u00ed como otros organismos relacionados directamente con ella.<\/p>\n<p>&nbsp;<\/p>\n<h2>Fuentes de Datos Personales<\/h2>\n<p>Para la realizaci\u00f3n de las operaciones productivas, la prestaci\u00f3n de los servicios y el desarrollo de las actividades administrativas y laborales de VCC , se utiliza: Informaci\u00f3n allegada a VCC directamente por diversos medios, como pueden ser entrevistas personales, informes impresos, llamadas telef\u00f3nicas, correos electr\u00f3nicos y otros. Informaci\u00f3n que se obtiene cuando alguien visita los sitios de internet o de promoci\u00f3n de VCC, o cuando compra sus productos, utiliza sus servicios o consulta la informaci\u00f3n de VCC. Informaci\u00f3n que se obtiene de fuentes p\u00fablicas legalmente disponibles.<\/p>\n<p>&nbsp;<\/p>\n<h2>Usos de los Datos Personales<\/h2>\n<p>VCC utiliza los Datos Personales para:<\/p>\n<p>La realizaci\u00f3n de sus actividades industriales o comerciales, o la prestaci\u00f3n de sus servicios comerciales.<\/p>\n<p>Actividades administrativas, laborales y contractuales.<\/p>\n<p>Con fines de identificaci\u00f3n para la prestaci\u00f3n de los servicios que le son solicitados o que ella proporciona.<\/p>\n<p>Con fines estad\u00edsticos.<\/p>\n<p>Con fines de comunicaci\u00f3n, promoci\u00f3n, difusi\u00f3n (v\u00eda telef\u00f3nica, correo electr\u00f3nico, SMS, etc.) de productos y\/o servicios.<\/p>\n<p>En ning\u00fan caso, VCC dar\u00e1 un uso distinto a los se\u00f1alados a cualquier Dato Personal recabado, salvo que medie un cambio en este Aviso de Privacidad.<\/p>\n<p>&nbsp;<\/p>\n<h2>Compartir Informaci\u00f3n<\/h2>\n<p>Por regla general, VCC no comparte informaci\u00f3n sin el consentimiento expl\u00edcito del titular y no la difunde, distribuye ni comercializa. Es posible que VCC comparta informaci\u00f3n en los siguientes supuestos:<\/p>\n<p>Para complementar un procedimiento solicitado por el titular de la informaci\u00f3n.<\/p>\n<p>Con terceros, proveedores de productos y\/o servicios, para atender las necesidades del titular con la calidad y oportunidad ofrecida.<\/p>\n<p>Para atender requerimientos de las autoridades o para proteger y defender los derechos de VCC.<\/p>\n<p>Con el objetivo de promover el desarrollo profesional de los empleados con las subsidiarias o filiales de VCC.<\/p>\n<p>Lo anterior, estrictamente de acuerdo a lo se\u00f1alado en el cap\u00edtulo V art\u00edculos 36 y 37 de la Ley.<\/p>\n<p>&nbsp;<\/p>\n<h2>C\u00f3mo protegemos los Datos Personales<\/h2>\n<p>En cumplimiento con la Ley, una vez que una persona entrega sus Datos Personales (de cualquier tipo) a VCC, \u00e9sta los conservar\u00e1 en diferentes medios, con la seguridad que la tecnolog\u00eda le permita.<\/p>\n<p>Los Datos Personales en posesi\u00f3n de VCC estar\u00e1n protegidos de forma administrativa, t\u00e9cnica y f\u00edsica para evitar su p\u00e9rdida, su uso indebido, el acceso no autorizado a los mismos, as\u00ed como su publicaci\u00f3n, modificaci\u00f3n o destrucci\u00f3n.<\/p>\n<p>&nbsp;<\/p>\n<h2>C\u00f3mo establecer contacto con VCC<\/h2>\n<p>Para ejercer los derechos ARCO (acceso, rectificaci\u00f3n, cancelaci\u00f3n y oposici\u00f3n), el titular de los Datos Personales deber\u00e1 escribir a VCC Sistemas donde le ser\u00e1 indicado el procedimiento que debe seguir para realizar la revocaci\u00f3n de su consentimiento. Le pedimos considerar que no podr\u00e1 revocar el consentimiento si desea que subsista la relaci\u00f3n contractual con VCC.<\/p>[\/et_pb_text][\/et_pb_column][\/et_pb_row][\/et_pb_section]\n","protected":false},"excerpt":{"rendered":"<p>AVISO DE PRIVACIDAD En atenci\u00f3n a la Ley Federal de Protecci\u00f3n de Datos Personales en Posesi\u00f3n de Particulares (de ahora en adelante la \u00abLey\u00bb), VCC Sistemas, S.A. de C.V. (VCC), con domicilio en Angel Urraza #267 Col. Vertiz Narvarte, M\u00e9xico, D.F., hace de su conocimiento la siguiente informaci\u00f3n, solicitando la lectura detenida de la misma. [&hellip;]<\/p>\n","protected":false},"author":1,"featured_media":0,"parent":0,"menu_order":0,"comment_status":"closed","ping_status":"open","template":"","meta":{"_et_pb_use_builder":"on","_et_pb_old_content":"<!-- wp:heading -->\n<h2>Qui\u00e9nes somos<\/h2>\n<!-- \/wp:heading -->\n\n<!-- wp:paragraph -->\n<p><strong class=\"privacy-policy-tutorial\">Texto sugerido: <\/strong>La direcci\u00f3n de nuestra web es: https:\/\/blog.vcc.com.mx.<\/p>\n<!-- \/wp:paragraph -->\n\n<!-- wp:heading -->\n<h2>Comentarios<\/h2>\n<!-- \/wp:heading -->\n\n<!-- wp:paragraph -->\n<p><strong class=\"privacy-policy-tutorial\">Texto sugerido: <\/strong>Cuando los visitantes dejan comentarios en la web, recopilamos los datos que se muestran en el formulario de comentarios, as\u00ed como la direcci\u00f3n IP del visitante y la cadena de agentes de usuario del navegador para ayudar a la detecci\u00f3n de spam.<\/p>\n<!-- \/wp:paragraph -->\n\n<!-- wp:paragraph -->\n<p>Una cadena an\u00f3nima creada a partir de tu direcci\u00f3n de correo electr\u00f3nico (tambi\u00e9n llamada hash) puede ser proporcionada al servicio de Gravatar para ver si la est\u00e1s usando. La pol\u00edtica de privacidad del servicio Gravatar est\u00e1 disponible aqu\u00ed: https:\/\/automattic.com\/privacy\/. Despu\u00e9s de la aprobaci\u00f3n de tu comentario, la imagen de tu perfil es visible para el p\u00fablico en el contexto de tu comentario.<\/p>\n<!-- \/wp:paragraph -->\n\n<!-- wp:heading -->\n<h2>Medios<\/h2>\n<!-- \/wp:heading -->\n\n<!-- wp:paragraph -->\n<p><strong class=\"privacy-policy-tutorial\">Texto sugerido: <\/strong>Si subes im\u00e1genes a la web, deber\u00edas evitar subir im\u00e1genes con datos de ubicaci\u00f3n (GPS EXIF) incluidos. Los visitantes de la web pueden descargar y extraer cualquier dato de ubicaci\u00f3n de las im\u00e1genes de la web.<\/p>\n<!-- \/wp:paragraph -->\n\n<!-- wp:heading -->\n<h2>Cookies<\/h2>\n<!-- \/wp:heading -->\n\n<!-- wp:paragraph -->\n<p><strong class=\"privacy-policy-tutorial\">Texto sugerido: <\/strong>Si dejas un comentario en nuestro sitio puedes elegir guardar tu nombre, direcci\u00f3n de correo electr\u00f3nico y web en cookies. Esto es para tu comodidad, para que no tengas que volver a rellenar tus datos cuando dejes otro comentario. Estas cookies tendr\u00e1n una duraci\u00f3n de un a\u00f1o.<\/p>\n<!-- \/wp:paragraph -->\n\n<!-- wp:paragraph -->\n<p>Si tienes una cuenta y te conectas a este sitio, instalaremos una cookie temporal para determinar si tu navegador acepta cookies. Esta cookie no contiene datos personales y se elimina al cerrar el navegador.<\/p>\n<!-- \/wp:paragraph -->\n\n<!-- wp:paragraph -->\n<p>Cuando accedas, tambi\u00e9n instalaremos varias cookies para guardar tu informaci\u00f3n de acceso y tus opciones de visualizaci\u00f3n de pantalla. Las cookies de acceso duran dos d\u00edas, y las cookies de opciones de pantalla duran un a\u00f1o. Si seleccionas \u00abRecu\u00e9rdarme\u00bb, tu acceso perdurar\u00e1 durante dos semanas. Si sales de tu cuenta, las cookies de acceso se eliminar\u00e1n.<\/p>\n<!-- \/wp:paragraph -->\n\n<!-- wp:paragraph -->\n<p>Si editas o publicas un art\u00edculo se guardar\u00e1 una cookie adicional en tu navegador. Esta cookie no incluye datos personales y simplemente indica el ID del art\u00edculo que acabas de editar. Caduca despu\u00e9s de 1 d\u00eda.<\/p>\n<!-- \/wp:paragraph -->\n\n<!-- wp:heading -->\n<h2>Contenido incrustado de otros sitios web<\/h2>\n<!-- \/wp:heading -->\n\n<!-- wp:paragraph -->\n<p><strong class=\"privacy-policy-tutorial\">Texto sugerido: <\/strong>Los art\u00edculos de este sitio pueden incluir contenido incrustado (por ejemplo, v\u00eddeos, im\u00e1genes, art\u00edculos, etc.). El contenido incrustado de otras webs se comporta exactamente de la misma manera que si el visitante hubiera visitado la otra web.<\/p>\n<!-- \/wp:paragraph -->\n\n<!-- wp:paragraph -->\n<p>Estas web pueden recopilar datos sobre ti, utilizar cookies, incrustar un seguimiento adicional de terceros, y supervisar tu interacci\u00f3n con ese contenido incrustado, incluido el seguimiento de tu interacci\u00f3n con el contenido incrustado si tienes una cuenta y est\u00e1s conectado a esa web.<\/p>\n<!-- \/wp:paragraph -->\n\n<!-- wp:heading -->\n<h2>Con qui\u00e9n compartimos tus datos<\/h2>\n<!-- \/wp:heading -->\n\n<!-- wp:paragraph -->\n<p><strong class=\"privacy-policy-tutorial\">Texto sugerido: <\/strong>Si solicitas un restablecimiento de contrase\u00f1a, tu direcci\u00f3n IP ser\u00e1 incluida en el correo electr\u00f3nico de restablecimiento.<\/p>\n<!-- \/wp:paragraph -->\n\n<!-- wp:heading -->\n<h2>Cu\u00e1nto tiempo conservamos tus datos<\/h2>\n<!-- \/wp:heading -->\n\n<!-- wp:paragraph -->\n<p><strong class=\"privacy-policy-tutorial\">Texto sugerido: <\/strong>Si dejas un comentario, el comentario y sus metadatos se conservan indefinidamente. Esto es para que podamos reconocer y aprobar comentarios sucesivos autom\u00e1ticamente, en lugar de mantenerlos en una cola de moderaci\u00f3n.<\/p>\n<!-- \/wp:paragraph -->\n\n<!-- wp:paragraph -->\n<p>De los usuarios que se registran en nuestra web (si los hay), tambi\u00e9n almacenamos la informaci\u00f3n personal que proporcionan en su perfil de usuario. Todos los usuarios pueden ver, editar o eliminar su informaci\u00f3n personal en cualquier momento (excepto que no pueden cambiar su nombre de usuario). Los administradores de la web tambi\u00e9n pueden ver y editar esa informaci\u00f3n.<\/p>\n<!-- \/wp:paragraph -->\n\n<!-- wp:heading -->\n<h2>Qu\u00e9 derechos tienes sobre tus datos<\/h2>\n<!-- \/wp:heading -->\n\n<!-- wp:paragraph -->\n<p><strong class=\"privacy-policy-tutorial\">Texto sugerido: <\/strong>Si tienes una cuenta o has dejado comentarios en esta web, puedes solicitar recibir un archivo de exportaci\u00f3n de los datos personales que tenemos sobre ti, incluyendo cualquier dato que nos hayas proporcionado. Tambi\u00e9n puedes solicitar que eliminemos cualquier dato personal que tengamos sobre ti. Esto no incluye ning\u00fan dato que estemos obligados a conservar con fines administrativos, legales o de seguridad.<\/p>\n<!-- \/wp:paragraph -->\n\n<!-- wp:heading -->\n<h2>D\u00f3nde se env\u00edan tus datos<\/h2>\n<!-- \/wp:heading -->\n\n<!-- wp:paragraph -->\n<p><strong class=\"privacy-policy-tutorial\">Texto sugerido: <\/strong>Los comentarios de los visitantes puede que los revise un servicio de detecci\u00f3n autom\u00e1tica de spam.<\/p>\n<!-- \/wp:paragraph -->","_et_gb_content_width":"","footnotes":""},"class_list":["post-3","page","type-page","status-publish","hentry"],"yoast_head":"<!-- This site is optimized with the Yoast SEO plugin v24.9 - https:\/\/yoast.com\/wordpress\/plugins\/seo\/ -->\n<title>Pol\u00edtica de Privacidad | VCC Software: Protecci\u00f3n de Datos<\/title>\n<meta name=\"description\" content=\"Consulta la Pol\u00edtica de Privacidad de VCC Software: c\u00f3mo protegemos tus datos personales y cumplimos con el RGPD y leyes internacionales.\" \/>\n<meta name=\"robots\" content=\"index, follow, max-snippet:-1, max-image-preview:large, max-video-preview:-1\" \/>\n<link rel=\"canonical\" href=\"https:\/\/www.vcc.com.mx\/index.php\/politica-privacidad\/\" \/>\n<meta property=\"og:locale\" content=\"es_ES\" \/>\n<meta property=\"og:type\" content=\"article\" \/>\n<meta property=\"og:title\" content=\"Pol\u00edtica de Privacidad | VCC Software: Protecci\u00f3n de Datos\" \/>\n<meta property=\"og:description\" content=\"Consulta la Pol\u00edtica de Privacidad de VCC Software: c\u00f3mo protegemos tus datos personales y cumplimos con el RGPD y leyes internacionales.\" \/>\n<meta property=\"og:url\" content=\"https:\/\/www.vcc.com.mx\/index.php\/politica-privacidad\/\" \/>\n<meta property=\"og:site_name\" content=\"VCC Software CRM Gratis\" \/>\n<meta property=\"article:publisher\" content=\"https:\/\/www.facebook.com\/share\/1APzMpGB2Q\/?mibextid=wwXIfr\" \/>\n<meta property=\"article:modified_time\" content=\"2025-04-02T14:52:03+00:00\" \/>\n<meta property=\"og:image\" content=\"https:\/\/www.vcc.com.mx\/wp-content\/uploads\/2025\/03\/IMG_6771.jpeg\" \/>\n\t<meta property=\"og:image:width\" content=\"640\" \/>\n\t<meta property=\"og:image:height\" content=\"640\" \/>\n\t<meta property=\"og:image:type\" content=\"image\/jpeg\" \/>\n<meta name=\"twitter:card\" content=\"summary_large_image\" \/>\n<meta name=\"twitter:label1\" content=\"Tiempo de lectura\" \/>\n\t<meta name=\"twitter:data1\" content=\"3 minutos\" \/>\n<script type=\"application\/ld+json\" class=\"yoast-schema-graph\">{\"@context\":\"https:\/\/schema.org\",\"@graph\":[{\"@type\":\"WebPage\",\"@id\":\"https:\/\/www.vcc.com.mx\/index.php\/politica-privacidad\/\",\"url\":\"https:\/\/www.vcc.com.mx\/index.php\/politica-privacidad\/\",\"name\":\"Pol\u00edtica de Privacidad | VCC Software: Protecci\u00f3n de Datos\",\"isPartOf\":{\"@id\":\"https:\/\/www.vcc.com.mx\/#website\"},\"datePublished\":\"2023-02-02T04:54:07+00:00\",\"dateModified\":\"2025-04-02T14:52:03+00:00\",\"description\":\"Consulta la Pol\u00edtica de Privacidad de VCC Software: c\u00f3mo protegemos tus datos personales y cumplimos con el RGPD y leyes internacionales.\",\"breadcrumb\":{\"@id\":\"https:\/\/www.vcc.com.mx\/index.php\/politica-privacidad\/#breadcrumb\"},\"inLanguage\":\"es\",\"potentialAction\":[{\"@type\":\"ReadAction\",\"target\":[\"https:\/\/www.vcc.com.mx\/index.php\/politica-privacidad\/\"]}]},{\"@type\":\"BreadcrumbList\",\"@id\":\"https:\/\/www.vcc.com.mx\/index.php\/politica-privacidad\/#breadcrumb\",\"itemListElement\":[{\"@type\":\"ListItem\",\"position\":1,\"name\":\"Portada\",\"item\":\"https:\/\/www.vcc.com.mx\/\"},{\"@type\":\"ListItem\",\"position\":2,\"name\":\"Pol\u00edtica de privacidad\"}]},{\"@type\":\"WebSite\",\"@id\":\"https:\/\/www.vcc.com.mx\/#website\",\"url\":\"https:\/\/www.vcc.com.mx\/\",\"name\":\"VCC Software CRM Gratis\",\"description\":\"Soluciones en software para su negocio\",\"publisher\":{\"@id\":\"https:\/\/www.vcc.com.mx\/#organization\"},\"alternateName\":\"VCC Software CRM Gratis\",\"potentialAction\":[{\"@type\":\"SearchAction\",\"target\":{\"@type\":\"EntryPoint\",\"urlTemplate\":\"https:\/\/www.vcc.com.mx\/?s={search_term_string}\"},\"query-input\":{\"@type\":\"PropertyValueSpecification\",\"valueRequired\":true,\"valueName\":\"search_term_string\"}}],\"inLanguage\":\"es\"},{\"@type\":\"Organization\",\"@id\":\"https:\/\/www.vcc.com.mx\/#organization\",\"name\":\"VCC Software CRM Gratis\",\"alternateName\":\"VCC Software CRM Gratis\",\"url\":\"https:\/\/www.vcc.com.mx\/\",\"logo\":{\"@type\":\"ImageObject\",\"inLanguage\":\"es\",\"@id\":\"https:\/\/www.vcc.com.mx\/#\/schema\/logo\/image\/\",\"url\":\"https:\/\/www.vcc.com.mx\/wp-content\/uploads\/2025\/03\/IMG_6771.jpeg\",\"contentUrl\":\"https:\/\/www.vcc.com.mx\/wp-content\/uploads\/2025\/03\/IMG_6771.jpeg\",\"width\":640,\"height\":640,\"caption\":\"VCC Software CRM Gratis\"},\"image\":{\"@id\":\"https:\/\/www.vcc.com.mx\/#\/schema\/logo\/image\/\"},\"sameAs\":[\"https:\/\/www.facebook.com\/share\/1APzMpGB2Q\/?mibextid=wwXIfr\",\"https:\/\/www.instagram.com\/ghr.investments?igsh=OGE1MHhqZjRuZHY=\",\"https:\/\/www.linkedin.com\/in\/ghr-investments-and-trading-72300a34b?utm_source=share&utm_campaign=share_via&utm_content=profile&utm_medium=android_app\"]}]}<\/script>\n<!-- \/ Yoast SEO plugin. -->","yoast_head_json":{"title":"Pol\u00edtica de Privacidad | VCC Software: Protecci\u00f3n de Datos","description":"Consulta la Pol\u00edtica de Privacidad de VCC Software: c\u00f3mo protegemos tus datos personales y cumplimos con el RGPD y leyes internacionales.","robots":{"index":"index","follow":"follow","max-snippet":"max-snippet:-1","max-image-preview":"max-image-preview:large","max-video-preview":"max-video-preview:-1"},"canonical":"https:\/\/www.vcc.com.mx\/index.php\/politica-privacidad\/","og_locale":"es_ES","og_type":"article","og_title":"Pol\u00edtica de Privacidad | VCC Software: Protecci\u00f3n de Datos","og_description":"Consulta la Pol\u00edtica de Privacidad de VCC Software: c\u00f3mo protegemos tus datos personales y cumplimos con el RGPD y leyes internacionales.","og_url":"https:\/\/www.vcc.com.mx\/index.php\/politica-privacidad\/","og_site_name":"VCC Software CRM Gratis","article_publisher":"https:\/\/www.facebook.com\/share\/1APzMpGB2Q\/?mibextid=wwXIfr","article_modified_time":"2025-04-02T14:52:03+00:00","og_image":[{"width":640,"height":640,"url":"https:\/\/www.vcc.com.mx\/wp-content\/uploads\/2025\/03\/IMG_6771.jpeg","type":"image\/jpeg"}],"twitter_card":"summary_large_image","twitter_misc":{"Tiempo de lectura":"3 minutos"},"schema":{"@context":"https:\/\/schema.org","@graph":[{"@type":"WebPage","@id":"https:\/\/www.vcc.com.mx\/index.php\/politica-privacidad\/","url":"https:\/\/www.vcc.com.mx\/index.php\/politica-privacidad\/","name":"Pol\u00edtica de Privacidad | VCC Software: Protecci\u00f3n de Datos","isPartOf":{"@id":"https:\/\/www.vcc.com.mx\/#website"},"datePublished":"2023-02-02T04:54:07+00:00","dateModified":"2025-04-02T14:52:03+00:00","description":"Consulta la Pol\u00edtica de Privacidad de VCC Software: c\u00f3mo protegemos tus datos personales y cumplimos con el RGPD y leyes internacionales.","breadcrumb":{"@id":"https:\/\/www.vcc.com.mx\/index.php\/politica-privacidad\/#breadcrumb"},"inLanguage":"es","potentialAction":[{"@type":"ReadAction","target":["https:\/\/www.vcc.com.mx\/index.php\/politica-privacidad\/"]}]},{"@type":"BreadcrumbList","@id":"https:\/\/www.vcc.com.mx\/index.php\/politica-privacidad\/#breadcrumb","itemListElement":[{"@type":"ListItem","position":1,"name":"Portada","item":"https:\/\/www.vcc.com.mx\/"},{"@type":"ListItem","position":2,"name":"Pol\u00edtica de privacidad"}]},{"@type":"WebSite","@id":"https:\/\/www.vcc.com.mx\/#website","url":"https:\/\/www.vcc.com.mx\/","name":"VCC Software CRM Gratis","description":"Soluciones en software para su negocio","publisher":{"@id":"https:\/\/www.vcc.com.mx\/#organization"},"alternateName":"VCC Software CRM Gratis","potentialAction":[{"@type":"SearchAction","target":{"@type":"EntryPoint","urlTemplate":"https:\/\/www.vcc.com.mx\/?s={search_term_string}"},"query-input":{"@type":"PropertyValueSpecification","valueRequired":true,"valueName":"search_term_string"}}],"inLanguage":"es"},{"@type":"Organization","@id":"https:\/\/www.vcc.com.mx\/#organization","name":"VCC Software CRM Gratis","alternateName":"VCC Software CRM Gratis","url":"https:\/\/www.vcc.com.mx\/","logo":{"@type":"ImageObject","inLanguage":"es","@id":"https:\/\/www.vcc.com.mx\/#\/schema\/logo\/image\/","url":"https:\/\/www.vcc.com.mx\/wp-content\/uploads\/2025\/03\/IMG_6771.jpeg","contentUrl":"https:\/\/www.vcc.com.mx\/wp-content\/uploads\/2025\/03\/IMG_6771.jpeg","width":640,"height":640,"caption":"VCC Software CRM Gratis"},"image":{"@id":"https:\/\/www.vcc.com.mx\/#\/schema\/logo\/image\/"},"sameAs":["https:\/\/www.facebook.com\/share\/1APzMpGB2Q\/?mibextid=wwXIfr","https:\/\/www.instagram.com\/ghr.investments?igsh=OGE1MHhqZjRuZHY=","https:\/\/www.linkedin.com\/in\/ghr-investments-and-trading-72300a34b?utm_source=share&utm_campaign=share_via&utm_content=profile&utm_medium=android_app"]}]}},"_links":{"self":[{"href":"https:\/\/www.vcc.com.mx\/index.php\/wp-json\/wp\/v2\/pages\/3","targetHints":{"allow":["GET"]}}],"collection":[{"href":"https:\/\/www.vcc.com.mx\/index.php\/wp-json\/wp\/v2\/pages"}],"about":[{"href":"https:\/\/www.vcc.com.mx\/index.php\/wp-json\/wp\/v2\/types\/page"}],"author":[{"embeddable":true,"href":"https:\/\/www.vcc.com.mx\/index.php\/wp-json\/wp\/v2\/users\/1"}],"replies":[{"embeddable":true,"href":"https:\/\/www.vcc.com.mx\/index.php\/wp-json\/wp\/v2\/comments?post=3"}],"version-history":[{"count":0,"href":"https:\/\/www.vcc.com.mx\/index.php\/wp-json\/wp\/v2\/pages\/3\/revisions"}],"wp:attachment":[{"href":"https:\/\/www.vcc.com.mx\/index.php\/wp-json\/wp\/v2\/media?parent=3"}],"curies":[{"name":"wp","href":"https:\/\/api.w.org\/{rel}","templated":true}]}}