{"id":987486332,"date":"2023-02-23T15:57:30","date_gmt":"2023-02-23T15:57:30","guid":{"rendered":"https:\/\/www.vcc.com.mx\/?page_id=987486332"},"modified":"2025-03-31T14:32:01","modified_gmt":"2025-03-31T20:32:01","slug":"beneficios","status":"publish","type":"page","link":"https:\/\/www.vcc.com.mx\/index.php\/beneficios\/","title":{"rendered":"Beneficios"},"content":{"rendered":"\n[et_pb_section fb_built=\u00bb1&#8243; fullwidth=\u00bbon\u00bb _builder_version=\u00bb4.19.5&#8243; _module_preset=\u00bbdefault\u00bb global_colors_info=\u00bb{}\u00bb][et_pb_fullwidth_image src=\u00bbhttps:\/\/www.vcc.com.mx\/wp-content\/uploads\/2023\/03\/vcc-sistema-rcm-soluciones-beneficios_.jpg\u00bb title_text=\u00bbvcc sistema rcm soluciones-beneficios_\u00bb _builder_version=\u00bb4.20.2&#8243; _module_preset=\u00bbdefault\u00bb custom_padding=\u00bb||0px|||\u00bb hover_enabled=\u00bb0&#8243; global_colors_info=\u00bb{}\u00bb sticky_enabled=\u00bb0&#8243;][\/et_pb_fullwidth_image][\/et_pb_section][et_pb_section fb_built=\u00bb1&#8243; fullwidth=\u00bbon\u00bb _builder_version=\u00bb4.19.5&#8243; _module_preset=\u00bbdefault\u00bb global_colors_info=\u00bb{}\u00bb][et_pb_fullwidth_header title=\u00bbBENEFICIOS\u00bb _builder_version=\u00bb4.20.0&#8243; _module_preset=\u00bbdefault\u00bb title_font=\u00bb|600|||||||\u00bb title_text_align=\u00bbcenter\u00bb title_font_size=\u00bb23px\u00bb title_line_height=\u00bb1.2em\u00bb subhead_font=\u00bb|300|||||||\u00bb subhead_text_align=\u00bbcenter\u00bb subhead_font_size=\u00bb21px\u00bb background_color=\u00bb#223d8b\u00bb custom_padding=\u00bb11px||0px|||\u00bb global_colors_info=\u00bb{}\u00bb][\/et_pb_fullwidth_header][\/et_pb_section][et_pb_section fb_built=\u00bb1&#8243; _builder_version=\u00bb4.19.5&#8243; _module_preset=\u00bbdefault\u00bb custom_padding=\u00bb5px||4px|||\u00bb global_colors_info=\u00bb{}\u00bb][et_pb_row _builder_version=\u00bb4.20.0&#8243; _module_preset=\u00bbdefault\u00bb global_colors_info=\u00bb{}\u00bb][et_pb_column type=\u00bb4_4&#8243; _builder_version=\u00bb4.20.0&#8243; _module_preset=\u00bbdefault\u00bb global_colors_info=\u00bb{}\u00bb][et_pb_text _builder_version=\u00bb4.20.2&#8243; _module_preset=\u00bbdefault\u00bb header_2_text_align=\u00bbcenter\u00bb header_2_text_color=\u00bb#0A3BB5&#8243; header_2_font_size=\u00bb30px\u00bb global_colors_info=\u00bb{}\u00bb]<h2>DEMO VCC<\/h2>[\/et_pb_text][\/et_pb_column][\/et_pb_row][et_pb_row column_structure=\u00bb1_5,3_5,1_5&#8243; _builder_version=\u00bb4.20.0&#8243; _module_preset=\u00bbdefault\u00bb global_colors_info=\u00bb{}\u00bb][et_pb_column type=\u00bb1_5&#8243; _builder_version=\u00bb4.20.0&#8243; _module_preset=\u00bbdefault\u00bb global_colors_info=\u00bb{}\u00bb][\/et_pb_column][et_pb_column type=\u00bb3_5&#8243; _builder_version=\u00bb4.20.0&#8243; _module_preset=\u00bbdefault\u00bb global_colors_info=\u00bb{}\u00bb][et_pb_video src=\u00bbhttps:\/\/youtu.be\/68h4MnqULKQ\u00bb _builder_version=\u00bb4.20.2&#8243; _module_preset=\u00bbdefault\u00bb global_colors_info=\u00bb{}\u00bb][\/et_pb_video][\/et_pb_column][et_pb_column type=\u00bb1_5&#8243; _builder_version=\u00bb4.20.0&#8243; _module_preset=\u00bbdefault\u00bb global_colors_info=\u00bb{}\u00bb][\/et_pb_column][\/et_pb_row][et_pb_row _builder_version=\u00bb4.20.0&#8243; _module_preset=\u00bbdefault\u00bb global_colors_info=\u00bb{}\u00bb][et_pb_column type=\u00bb4_4&#8243; _builder_version=\u00bb4.20.0&#8243; _module_preset=\u00bbdefault\u00bb global_colors_info=\u00bb{}\u00bb][et_pb_text _builder_version=\u00bb4.20.0&#8243; _module_preset=\u00bbdefault\u00bb header_2_text_align=\u00bbcenter\u00bb header_2_text_color=\u00bb#0A3BB5&#8243; header_2_font_size=\u00bb30px\u00bb global_colors_info=\u00bb{}\u00bb]<div class=\"text-center\">\n<h2 class=\"text-center\">CAMPA\u00d1AS DE MARKETING<\/h2>\n<\/div>[\/et_pb_text][\/et_pb_column][\/et_pb_row][et_pb_row column_structure=\u00bb1_5,3_5,1_5&#8243; _builder_version=\u00bb4.20.0&#8243; _module_preset=\u00bbdefault\u00bb global_colors_info=\u00bb{}\u00bb][et_pb_column type=\u00bb1_5&#8243; _builder_version=\u00bb4.20.0&#8243; _module_preset=\u00bbdefault\u00bb global_colors_info=\u00bb{}\u00bb][\/et_pb_column][et_pb_column type=\u00bb3_5&#8243; _builder_version=\u00bb4.20.0&#8243; _module_preset=\u00bbdefault\u00bb global_colors_info=\u00bb{}\u00bb][et_pb_video src=\u00bbhttps:\/\/youtu.be\/hnekFIc3ZLg\u00bb _builder_version=\u00bb4.20.2&#8243; _module_preset=\u00bbdefault\u00bb global_colors_info=\u00bb{}\u00bb][\/et_pb_video][\/et_pb_column][et_pb_column type=\u00bb1_5&#8243; _builder_version=\u00bb4.20.0&#8243; _module_preset=\u00bbdefault\u00bb global_colors_info=\u00bb{}\u00bb][\/et_pb_column][\/et_pb_row][et_pb_row _builder_version=\u00bb4.20.0&#8243; _module_preset=\u00bbdefault\u00bb global_colors_info=\u00bb{}\u00bb][et_pb_column type=\u00bb4_4&#8243; _builder_version=\u00bb4.20.0&#8243; _module_preset=\u00bbdefault\u00bb global_colors_info=\u00bb{}\u00bb][et_pb_text _builder_version=\u00bb4.20.0&#8243; _module_preset=\u00bbdefault\u00bb header_2_text_align=\u00bbcenter\u00bb header_2_text_color=\u00bb#0A3BB5&#8243; header_2_font_size=\u00bb30px\u00bb global_colors_info=\u00bb{}\u00bb]<div class=\"text-center\">\n<h2 class=\"text-center\">VCC M\u00d3VIL<\/h2>\n<\/div>[\/et_pb_text][\/et_pb_column][\/et_pb_row][et_pb_row column_structure=\u00bb1_5,3_5,1_5&#8243; _builder_version=\u00bb4.20.0&#8243; _module_preset=\u00bbdefault\u00bb global_colors_info=\u00bb{}\u00bb][et_pb_column type=\u00bb1_5&#8243; _builder_version=\u00bb4.20.0&#8243; _module_preset=\u00bbdefault\u00bb global_colors_info=\u00bb{}\u00bb][\/et_pb_column][et_pb_column type=\u00bb3_5&#8243; _builder_version=\u00bb4.20.0&#8243; _module_preset=\u00bbdefault\u00bb global_colors_info=\u00bb{}\u00bb][et_pb_video src=\u00bbhttps:\/\/youtu.be\/ckux7mN0wpA\u00bb _builder_version=\u00bb4.20.0&#8243; _module_preset=\u00bbdefault\u00bb global_colors_info=\u00bb{}\u00bb][\/et_pb_video][\/et_pb_column][et_pb_column type=\u00bb1_5&#8243; _builder_version=\u00bb4.20.0&#8243; _module_preset=\u00bbdefault\u00bb global_colors_info=\u00bb{}\u00bb][\/et_pb_column][\/et_pb_row][et_pb_row _builder_version=\u00bb4.20.0&#8243; _module_preset=\u00bbdefault\u00bb global_colors_info=\u00bb{}\u00bb][et_pb_column type=\u00bb4_4&#8243; _builder_version=\u00bb4.20.0&#8243; _module_preset=\u00bbdefault\u00bb global_colors_info=\u00bb{}\u00bb][et_pb_text _builder_version=\u00bb4.20.0&#8243; _module_preset=\u00bbdefault\u00bb header_2_text_align=\u00bbcenter\u00bb header_2_text_color=\u00bb#0A3BB5&#8243; header_2_font_size=\u00bb30px\u00bb global_colors_info=\u00bb{}\u00bb]<div class=\"text-center\">\n<h2 class=\"text-center\">GEOLOCALIZACI\u00d3N Y GEOMARKETING<\/h2>\n<\/div>[\/et_pb_text][\/et_pb_column][\/et_pb_row][et_pb_row column_structure=\u00bb1_5,3_5,1_5&#8243; _builder_version=\u00bb4.20.0&#8243; _module_preset=\u00bbdefault\u00bb global_colors_info=\u00bb{}\u00bb][et_pb_column type=\u00bb1_5&#8243; _builder_version=\u00bb4.20.0&#8243; _module_preset=\u00bbdefault\u00bb global_colors_info=\u00bb{}\u00bb][\/et_pb_column][et_pb_column type=\u00bb3_5&#8243; _builder_version=\u00bb4.20.0&#8243; _module_preset=\u00bbdefault\u00bb global_colors_info=\u00bb{}\u00bb][et_pb_video src=\u00bbhttps:\/\/youtu.be\/fWb4PkEGCUk\u00bb _builder_version=\u00bb4.20.0&#8243; _module_preset=\u00bbdefault\u00bb global_colors_info=\u00bb{}\u00bb][\/et_pb_video][\/et_pb_column][et_pb_column type=\u00bb1_5&#8243; _builder_version=\u00bb4.20.0&#8243; _module_preset=\u00bbdefault\u00bb global_colors_info=\u00bb{}\u00bb][\/et_pb_column][\/et_pb_row][et_pb_row _builder_version=\u00bb4.20.0&#8243; _module_preset=\u00bbdefault\u00bb global_colors_info=\u00bb{}\u00bb][et_pb_column type=\u00bb4_4&#8243; _builder_version=\u00bb4.20.0&#8243; _module_preset=\u00bbdefault\u00bb global_colors_info=\u00bb{}\u00bb][et_pb_text _builder_version=\u00bb4.20.2&#8243; _module_preset=\u00bbdefault\u00bb header_2_text_align=\u00bbcenter\u00bb header_2_text_color=\u00bb#0A3BB5&#8243; header_2_font_size=\u00bb30px\u00bb global_colors_info=\u00bb{}\u00bb]<div class=\"text-center\">\n<h2 class=\"text-center\">TUTORIAL DE PLANTILLAS<\/h2>\n<\/div>[\/et_pb_text][\/et_pb_column][\/et_pb_row][et_pb_row column_structure=\u00bb1_5,3_5,1_5&#8243; _builder_version=\u00bb4.20.0&#8243; _module_preset=\u00bbdefault\u00bb global_colors_info=\u00bb{}\u00bb][et_pb_column type=\u00bb1_5&#8243; _builder_version=\u00bb4.20.0&#8243; _module_preset=\u00bbdefault\u00bb global_colors_info=\u00bb{}\u00bb][\/et_pb_column][et_pb_column type=\u00bb3_5&#8243; _builder_version=\u00bb4.20.0&#8243; _module_preset=\u00bbdefault\u00bb global_colors_info=\u00bb{}\u00bb][et_pb_video src=\u00bbhttps:\/\/youtu.be\/V1osInO2KiI\u00bb _builder_version=\u00bb4.20.2&#8243; _module_preset=\u00bbdefault\u00bb global_colors_info=\u00bb{}\u00bb][\/et_pb_video][\/et_pb_column][et_pb_column type=\u00bb1_5&#8243; _builder_version=\u00bb4.20.0&#8243; _module_preset=\u00bbdefault\u00bb global_colors_info=\u00bb{}\u00bb][\/et_pb_column][\/et_pb_row][et_pb_row _builder_version=\u00bb4.20.0&#8243; _module_preset=\u00bbdefault\u00bb global_colors_info=\u00bb{}\u00bb][et_pb_column type=\u00bb4_4&#8243; _builder_version=\u00bb4.20.0&#8243; _module_preset=\u00bbdefault\u00bb global_colors_info=\u00bb{}\u00bb][et_pb_text _builder_version=\u00bb4.20.2&#8243; _module_preset=\u00bbdefault\u00bb header_2_text_align=\u00bbcenter\u00bb header_2_text_color=\u00bb#0A3BB5&#8243; header_2_font_size=\u00bb30px\u00bb global_colors_info=\u00bb{}\u00bb]<div class=\"text-center\">\n<h2 class=\"text-center\">GESTI\u00d3N DE PROYECTOS<\/h2>\n<\/div>[\/et_pb_text][\/et_pb_column][\/et_pb_row][et_pb_row column_structure=\u00bb1_5,3_5,1_5&#8243; _builder_version=\u00bb4.20.0&#8243; _module_preset=\u00bbdefault\u00bb global_colors_info=\u00bb{}\u00bb][et_pb_column type=\u00bb1_5&#8243; _builder_version=\u00bb4.20.0&#8243; _module_preset=\u00bbdefault\u00bb global_colors_info=\u00bb{}\u00bb][\/et_pb_column][et_pb_column type=\u00bb3_5&#8243; _builder_version=\u00bb4.20.0&#8243; _module_preset=\u00bbdefault\u00bb global_colors_info=\u00bb{}\u00bb][et_pb_video src=\u00bbhttps:\/\/youtu.be\/_NOxc-hausU\u00bb _builder_version=\u00bb4.20.2&#8243; _module_preset=\u00bbdefault\u00bb global_colors_info=\u00bb{}\u00bb][\/et_pb_video][\/et_pb_column][et_pb_column type=\u00bb1_5&#8243; _builder_version=\u00bb4.20.0&#8243; _module_preset=\u00bbdefault\u00bb global_colors_info=\u00bb{}\u00bb][\/et_pb_column][\/et_pb_row][et_pb_row _builder_version=\u00bb4.20.0&#8243; _module_preset=\u00bbdefault\u00bb global_colors_info=\u00bb{}\u00bb][et_pb_column type=\u00bb4_4&#8243; _builder_version=\u00bb4.20.0&#8243; _module_preset=\u00bbdefault\u00bb global_colors_info=\u00bb{}\u00bb][et_pb_text _builder_version=\u00bb4.20.2&#8243; _module_preset=\u00bbdefault\u00bb header_2_text_align=\u00bbcenter\u00bb header_2_text_color=\u00bb#0A3BB5&#8243; header_2_font_size=\u00bb30px\u00bb global_colors_info=\u00bb{}\u00bb]<div class=\"text-center\">\n<h2 class=\"text-center\">ENCUESTAS<\/h2>\n<\/div>[\/et_pb_text][\/et_pb_column][\/et_pb_row][et_pb_row column_structure=\u00bb1_5,3_5,1_5&#8243; _builder_version=\u00bb4.20.0&#8243; _module_preset=\u00bbdefault\u00bb global_colors_info=\u00bb{}\u00bb][et_pb_column type=\u00bb1_5&#8243; _builder_version=\u00bb4.20.0&#8243; _module_preset=\u00bbdefault\u00bb global_colors_info=\u00bb{}\u00bb][\/et_pb_column][et_pb_column type=\u00bb3_5&#8243; _builder_version=\u00bb4.20.0&#8243; _module_preset=\u00bbdefault\u00bb global_colors_info=\u00bb{}\u00bb][et_pb_video src=\u00bbhttps:\/\/youtu.be\/vaU3PBLEhsU\u00bb _builder_version=\u00bb4.20.2&#8243; _module_preset=\u00bbdefault\u00bb global_colors_info=\u00bb{}\u00bb][\/et_pb_video][\/et_pb_column][et_pb_column type=\u00bb1_5&#8243; _builder_version=\u00bb4.20.0&#8243; _module_preset=\u00bbdefault\u00bb global_colors_info=\u00bb{}\u00bb][\/et_pb_column][\/et_pb_row][et_pb_row _builder_version=\u00bb4.20.0&#8243; _module_preset=\u00bbdefault\u00bb global_colors_info=\u00bb{}\u00bb][et_pb_column type=\u00bb4_4&#8243; _builder_version=\u00bb4.20.0&#8243; _module_preset=\u00bbdefault\u00bb global_colors_info=\u00bb{}\u00bb][et_pb_text _builder_version=\u00bb4.20.2&#8243; _module_preset=\u00bbdefault\u00bb header_2_text_align=\u00bbcenter\u00bb header_2_text_color=\u00bb#0A3BB5&#8243; header_2_font_size=\u00bb30px\u00bb global_colors_info=\u00bb{}\u00bb]<div class=\"text-center\">\n<h2 class=\"text-center\">AUTOMATIZACI\u00d3N DE TAREAS<\/h2>\n<\/div>[\/et_pb_text][\/et_pb_column][\/et_pb_row][et_pb_row column_structure=\u00bb1_5,3_5,1_5&#8243; _builder_version=\u00bb4.20.0&#8243; _module_preset=\u00bbdefault\u00bb global_colors_info=\u00bb{}\u00bb][et_pb_column type=\u00bb1_5&#8243; _builder_version=\u00bb4.20.0&#8243; _module_preset=\u00bbdefault\u00bb global_colors_info=\u00bb{}\u00bb][\/et_pb_column][et_pb_column type=\u00bb3_5&#8243; _builder_version=\u00bb4.20.0&#8243; _module_preset=\u00bbdefault\u00bb global_colors_info=\u00bb{}\u00bb][et_pb_video src=\u00bbhttps:\/\/youtu.be\/Lhgf9Nw3AeU\u00bb _builder_version=\u00bb4.20.2&#8243; _module_preset=\u00bbdefault\u00bb global_colors_info=\u00bb{}\u00bb][\/et_pb_video][\/et_pb_column][et_pb_column type=\u00bb1_5&#8243; _builder_version=\u00bb4.20.0&#8243; _module_preset=\u00bbdefault\u00bb global_colors_info=\u00bb{}\u00bb][\/et_pb_column][\/et_pb_row][et_pb_row _builder_version=\u00bb4.20.0&#8243; _module_preset=\u00bbdefault\u00bb global_colors_info=\u00bb{}\u00bb][et_pb_column type=\u00bb4_4&#8243; _builder_version=\u00bb4.20.0&#8243; _module_preset=\u00bbdefault\u00bb global_colors_info=\u00bb{}\u00bb][dsm_button button_one_url=\u00bbhttps:\/\/app.vcc.com.mx\/ account\/register\u00bb button_one_url_new_window=\u00bbon\u00bb button_two_text=\u00bbDEMO GRATIS\u00bb button_two_url=\u00bbhttps:\/\/app.vcc.com.mx\/account\/register\u00bb button_two_url_new_window=\u00bbon\u00bb button_alignment=\u00bbcenter\u00bb _builder_version=\u00bb4.20.2&#8243; _module_preset=\u00bbdefault\u00bb custom_button_one=\u00bbon\u00bb button_one_text_color=\u00bb#FFFFFF\u00bb button_one_bg_color=\u00bb#0A3BB5&#8243; button_one_icon=\u00bb&#x52;||divi||400&#8243; button_one_on_hover=\u00bboff\u00bb custom_button_two=\u00bbon\u00bb button_two_text_color=\u00bb#000F96&#8243; button_two_icon=\u00bb&#xe084;||fa||400&#8243; button_two_on_hover=\u00bboff\u00bb global_colors_info=\u00bb{}\u00bb][\/dsm_button][\/et_pb_column][\/et_pb_row][\/et_pb_section]\n","protected":false},"excerpt":{"rendered":"<p>DEMO VCC CAMPA\u00d1AS DE MARKETING VCC M\u00d3VIL GEOLOCALIZACI\u00d3N Y GEOMARKETING TUTORIAL DE PLANTILLAS GESTI\u00d3N DE PROYECTOS ENCUESTAS AUTOMATIZACI\u00d3N DE TAREAS <div class=\"et_pb_module dsm_button dsm_button_0 et_pb_bg_layout_light\">\n\t\t\t\t\n\t\t\t\t\n\t\t\t\t\n\t\t\t\t\n\t\t\t\t\n\t\t\t\t\n\t\t\t\t<div class=\"et_pb_module_inner\">\n\t\t\t\t\t<div class=\"et_pb_button_module_wrappers dsm_button_0_wrapper et_pb_button_alignment_center et_pb_module\">\n\t\t\t\t<a class=\"et_pb_button et_pb_button_two et_pb_custom_button_icon et_pb_bg_layout_light dsm-none \"  href=\"https:\/\/app.vcc.com.mx\/account\/register\" target=\"_blank\" data-icon=\"&#xe084;\" data-dsm-lightbox-id=\"dsm_button_two_lightbox dsm_button_0\">DEMO GRATIS<\/a>\n\t\t\t<\/div>\n\t\t\t\t<\/div>\n\t\t\t<\/div><\/p>\n","protected":false},"author":1,"featured_media":0,"parent":0,"menu_order":0,"comment_status":"closed","ping_status":"closed","template":"","meta":{"_et_pb_use_builder":"on","_et_pb_old_content":"","_et_gb_content_width":"","footnotes":""},"class_list":["post-987486332","page","type-page","status-publish","hentry"],"yoast_head":"<!-- This site is optimized with the Yoast SEO plugin v24.9 - https:\/\/yoast.com\/wordpress\/plugins\/seo\/ -->\n<title>Beneficios de esta herramienta - VCC Software CRM Gratis<\/title>\n<meta name=\"description\" content=\"VCC Software CRM Gratis: Automatiza ventas, centraliza datos y potencia tu SEO. \u00a1Gestiona clientes, analiza m\u00e9tricas y obt\u00e9n beneficios!\" \/>\n<meta name=\"robots\" content=\"index, follow, max-snippet:-1, max-image-preview:large, max-video-preview:-1\" \/>\n<link rel=\"canonical\" href=\"https:\/\/www.vcc.com.mx\/index.php\/beneficios\/\" \/>\n<meta property=\"og:locale\" content=\"es_ES\" \/>\n<meta property=\"og:type\" content=\"article\" \/>\n<meta property=\"og:title\" content=\"Beneficios de esta herramienta - VCC Software CRM Gratis\" \/>\n<meta property=\"og:description\" content=\"VCC Software CRM Gratis: Automatiza ventas, centraliza datos y potencia tu SEO. \u00a1Gestiona clientes, analiza m\u00e9tricas y obt\u00e9n beneficios!\" \/>\n<meta property=\"og:url\" content=\"https:\/\/www.vcc.com.mx\/index.php\/beneficios\/\" \/>\n<meta property=\"og:site_name\" content=\"VCC Software CRM Gratis\" \/>\n<meta property=\"article:publisher\" content=\"https:\/\/www.facebook.com\/share\/1APzMpGB2Q\/?mibextid=wwXIfr\" \/>\n<meta property=\"article:modified_time\" content=\"2025-03-31T20:32:01+00:00\" \/>\n<meta property=\"og:image\" content=\"https:\/\/www.vcc.com.mx\/wp-content\/uploads\/2025\/03\/IMG_6771.jpeg\" \/>\n\t<meta property=\"og:image:width\" content=\"640\" \/>\n\t<meta property=\"og:image:height\" content=\"640\" \/>\n\t<meta property=\"og:image:type\" content=\"image\/jpeg\" \/>\n<meta name=\"twitter:card\" content=\"summary_large_image\" \/>\n<meta name=\"twitter:label1\" content=\"Tiempo de lectura\" \/>\n\t<meta name=\"twitter:data1\" content=\"1 minuto\" \/>\n<script type=\"application\/ld+json\" class=\"yoast-schema-graph\">{\"@context\":\"https:\/\/schema.org\",\"@graph\":[{\"@type\":\"Article\",\"@id\":\"https:\/\/www.vcc.com.mx\/index.php\/beneficios\/#article\",\"isPartOf\":{\"@id\":\"https:\/\/www.vcc.com.mx\/index.php\/beneficios\/\"},\"author\":{\"name\":\"adminblog\",\"@id\":\"https:\/\/www.vcc.com.mx\/#\/schema\/person\/ba0d9b3b47117e6d6d0957c0445a682b\"},\"headline\":\"Beneficios\",\"datePublished\":\"2023-02-23T15:57:30+00:00\",\"dateModified\":\"2025-03-31T20:32:01+00:00\",\"mainEntityOfPage\":{\"@id\":\"https:\/\/www.vcc.com.mx\/index.php\/beneficios\/\"},\"wordCount\":1394,\"publisher\":{\"@id\":\"https:\/\/www.vcc.com.mx\/#organization\"},\"inLanguage\":\"es\"},{\"@type\":\"WebPage\",\"@id\":\"https:\/\/www.vcc.com.mx\/index.php\/beneficios\/\",\"url\":\"https:\/\/www.vcc.com.mx\/index.php\/beneficios\/\",\"name\":\"Beneficios de esta herramienta - VCC Software CRM Gratis\",\"isPartOf\":{\"@id\":\"https:\/\/www.vcc.com.mx\/#website\"},\"datePublished\":\"2023-02-23T15:57:30+00:00\",\"dateModified\":\"2025-03-31T20:32:01+00:00\",\"description\":\"VCC Software CRM Gratis: Automatiza ventas, centraliza datos y potencia tu SEO. \u00a1Gestiona clientes, analiza m\u00e9tricas y obt\u00e9n beneficios!\",\"breadcrumb\":{\"@id\":\"https:\/\/www.vcc.com.mx\/index.php\/beneficios\/#breadcrumb\"},\"inLanguage\":\"es\",\"potentialAction\":[{\"@type\":\"ReadAction\",\"target\":[\"https:\/\/www.vcc.com.mx\/index.php\/beneficios\/\"]}]},{\"@type\":\"BreadcrumbList\",\"@id\":\"https:\/\/www.vcc.com.mx\/index.php\/beneficios\/#breadcrumb\",\"itemListElement\":[{\"@type\":\"ListItem\",\"position\":1,\"name\":\"Portada\",\"item\":\"https:\/\/www.vcc.com.mx\/\"},{\"@type\":\"ListItem\",\"position\":2,\"name\":\"Beneficios\"}]},{\"@type\":\"WebSite\",\"@id\":\"https:\/\/www.vcc.com.mx\/#website\",\"url\":\"https:\/\/www.vcc.com.mx\/\",\"name\":\"VCC Software CRM Gratis\",\"description\":\"Soluciones en software para su negocio\",\"publisher\":{\"@id\":\"https:\/\/www.vcc.com.mx\/#organization\"},\"alternateName\":\"VCC Software CRM Gratis\",\"potentialAction\":[{\"@type\":\"SearchAction\",\"target\":{\"@type\":\"EntryPoint\",\"urlTemplate\":\"https:\/\/www.vcc.com.mx\/?s={search_term_string}\"},\"query-input\":{\"@type\":\"PropertyValueSpecification\",\"valueRequired\":true,\"valueName\":\"search_term_string\"}}],\"inLanguage\":\"es\"},{\"@type\":\"Organization\",\"@id\":\"https:\/\/www.vcc.com.mx\/#organization\",\"name\":\"VCC Software CRM Gratis\",\"alternateName\":\"VCC Software CRM Gratis\",\"url\":\"https:\/\/www.vcc.com.mx\/\",\"logo\":{\"@type\":\"ImageObject\",\"inLanguage\":\"es\",\"@id\":\"https:\/\/www.vcc.com.mx\/#\/schema\/logo\/image\/\",\"url\":\"https:\/\/www.vcc.com.mx\/wp-content\/uploads\/2025\/03\/IMG_6771.jpeg\",\"contentUrl\":\"https:\/\/www.vcc.com.mx\/wp-content\/uploads\/2025\/03\/IMG_6771.jpeg\",\"width\":640,\"height\":640,\"caption\":\"VCC Software CRM Gratis\"},\"image\":{\"@id\":\"https:\/\/www.vcc.com.mx\/#\/schema\/logo\/image\/\"},\"sameAs\":[\"https:\/\/www.facebook.com\/share\/1APzMpGB2Q\/?mibextid=wwXIfr\",\"https:\/\/www.instagram.com\/ghr.investments?igsh=OGE1MHhqZjRuZHY=\",\"https:\/\/www.linkedin.com\/in\/ghr-investments-and-trading-72300a34b?utm_source=share&utm_campaign=share_via&utm_content=profile&utm_medium=android_app\"]},{\"@type\":\"Person\",\"@id\":\"https:\/\/www.vcc.com.mx\/#\/schema\/person\/ba0d9b3b47117e6d6d0957c0445a682b\",\"name\":\"adminblog\",\"image\":{\"@type\":\"ImageObject\",\"inLanguage\":\"es\",\"@id\":\"https:\/\/www.vcc.com.mx\/#\/schema\/person\/image\/\",\"url\":\"https:\/\/secure.gravatar.com\/avatar\/fff672f90dd6e10c6b9410a1e3d2df12ec5741634b3e5979e5c8e18516cdd396?s=96&d=mm&r=g\",\"contentUrl\":\"https:\/\/secure.gravatar.com\/avatar\/fff672f90dd6e10c6b9410a1e3d2df12ec5741634b3e5979e5c8e18516cdd396?s=96&d=mm&r=g\",\"caption\":\"adminblog\"},\"sameAs\":[\"https:\/\/www.vcc.com.mx\"],\"url\":\"https:\/\/www.vcc.com.mx\/index.php\/author\/adminblog\/\"}]}<\/script>\n<!-- \/ Yoast SEO plugin. -->","yoast_head_json":{"title":"Beneficios de esta herramienta - VCC Software CRM Gratis","description":"VCC Software CRM Gratis: Automatiza ventas, centraliza datos y potencia tu SEO. \u00a1Gestiona clientes, analiza m\u00e9tricas y obt\u00e9n beneficios!","robots":{"index":"index","follow":"follow","max-snippet":"max-snippet:-1","max-image-preview":"max-image-preview:large","max-video-preview":"max-video-preview:-1"},"canonical":"https:\/\/www.vcc.com.mx\/index.php\/beneficios\/","og_locale":"es_ES","og_type":"article","og_title":"Beneficios de esta herramienta - VCC Software CRM Gratis","og_description":"VCC Software CRM Gratis: Automatiza ventas, centraliza datos y potencia tu SEO. \u00a1Gestiona clientes, analiza m\u00e9tricas y obt\u00e9n beneficios!","og_url":"https:\/\/www.vcc.com.mx\/index.php\/beneficios\/","og_site_name":"VCC Software CRM Gratis","article_publisher":"https:\/\/www.facebook.com\/share\/1APzMpGB2Q\/?mibextid=wwXIfr","article_modified_time":"2025-03-31T20:32:01+00:00","og_image":[{"width":640,"height":640,"url":"https:\/\/www.vcc.com.mx\/wp-content\/uploads\/2025\/03\/IMG_6771.jpeg","type":"image\/jpeg"}],"twitter_card":"summary_large_image","twitter_misc":{"Tiempo de lectura":"1 minuto"},"schema":{"@context":"https:\/\/schema.org","@graph":[{"@type":"Article","@id":"https:\/\/www.vcc.com.mx\/index.php\/beneficios\/#article","isPartOf":{"@id":"https:\/\/www.vcc.com.mx\/index.php\/beneficios\/"},"author":{"name":"adminblog","@id":"https:\/\/www.vcc.com.mx\/#\/schema\/person\/ba0d9b3b47117e6d6d0957c0445a682b"},"headline":"Beneficios","datePublished":"2023-02-23T15:57:30+00:00","dateModified":"2025-03-31T20:32:01+00:00","mainEntityOfPage":{"@id":"https:\/\/www.vcc.com.mx\/index.php\/beneficios\/"},"wordCount":1394,"publisher":{"@id":"https:\/\/www.vcc.com.mx\/#organization"},"inLanguage":"es"},{"@type":"WebPage","@id":"https:\/\/www.vcc.com.mx\/index.php\/beneficios\/","url":"https:\/\/www.vcc.com.mx\/index.php\/beneficios\/","name":"Beneficios de esta herramienta - VCC Software CRM Gratis","isPartOf":{"@id":"https:\/\/www.vcc.com.mx\/#website"},"datePublished":"2023-02-23T15:57:30+00:00","dateModified":"2025-03-31T20:32:01+00:00","description":"VCC Software CRM Gratis: Automatiza ventas, centraliza datos y potencia tu SEO. \u00a1Gestiona clientes, analiza m\u00e9tricas y obt\u00e9n beneficios!","breadcrumb":{"@id":"https:\/\/www.vcc.com.mx\/index.php\/beneficios\/#breadcrumb"},"inLanguage":"es","potentialAction":[{"@type":"ReadAction","target":["https:\/\/www.vcc.com.mx\/index.php\/beneficios\/"]}]},{"@type":"BreadcrumbList","@id":"https:\/\/www.vcc.com.mx\/index.php\/beneficios\/#breadcrumb","itemListElement":[{"@type":"ListItem","position":1,"name":"Portada","item":"https:\/\/www.vcc.com.mx\/"},{"@type":"ListItem","position":2,"name":"Beneficios"}]},{"@type":"WebSite","@id":"https:\/\/www.vcc.com.mx\/#website","url":"https:\/\/www.vcc.com.mx\/","name":"VCC Software CRM Gratis","description":"Soluciones en software para su negocio","publisher":{"@id":"https:\/\/www.vcc.com.mx\/#organization"},"alternateName":"VCC Software CRM Gratis","potentialAction":[{"@type":"SearchAction","target":{"@type":"EntryPoint","urlTemplate":"https:\/\/www.vcc.com.mx\/?s={search_term_string}"},"query-input":{"@type":"PropertyValueSpecification","valueRequired":true,"valueName":"search_term_string"}}],"inLanguage":"es"},{"@type":"Organization","@id":"https:\/\/www.vcc.com.mx\/#organization","name":"VCC Software CRM Gratis","alternateName":"VCC Software CRM Gratis","url":"https:\/\/www.vcc.com.mx\/","logo":{"@type":"ImageObject","inLanguage":"es","@id":"https:\/\/www.vcc.com.mx\/#\/schema\/logo\/image\/","url":"https:\/\/www.vcc.com.mx\/wp-content\/uploads\/2025\/03\/IMG_6771.jpeg","contentUrl":"https:\/\/www.vcc.com.mx\/wp-content\/uploads\/2025\/03\/IMG_6771.jpeg","width":640,"height":640,"caption":"VCC Software CRM Gratis"},"image":{"@id":"https:\/\/www.vcc.com.mx\/#\/schema\/logo\/image\/"},"sameAs":["https:\/\/www.facebook.com\/share\/1APzMpGB2Q\/?mibextid=wwXIfr","https:\/\/www.instagram.com\/ghr.investments?igsh=OGE1MHhqZjRuZHY=","https:\/\/www.linkedin.com\/in\/ghr-investments-and-trading-72300a34b?utm_source=share&utm_campaign=share_via&utm_content=profile&utm_medium=android_app"]},{"@type":"Person","@id":"https:\/\/www.vcc.com.mx\/#\/schema\/person\/ba0d9b3b47117e6d6d0957c0445a682b","name":"adminblog","image":{"@type":"ImageObject","inLanguage":"es","@id":"https:\/\/www.vcc.com.mx\/#\/schema\/person\/image\/","url":"https:\/\/secure.gravatar.com\/avatar\/fff672f90dd6e10c6b9410a1e3d2df12ec5741634b3e5979e5c8e18516cdd396?s=96&d=mm&r=g","contentUrl":"https:\/\/secure.gravatar.com\/avatar\/fff672f90dd6e10c6b9410a1e3d2df12ec5741634b3e5979e5c8e18516cdd396?s=96&d=mm&r=g","caption":"adminblog"},"sameAs":["https:\/\/www.vcc.com.mx"],"url":"https:\/\/www.vcc.com.mx\/index.php\/author\/adminblog\/"}]}},"_links":{"self":[{"href":"https:\/\/www.vcc.com.mx\/index.php\/wp-json\/wp\/v2\/pages\/987486332","targetHints":{"allow":["GET"]}}],"collection":[{"href":"https:\/\/www.vcc.com.mx\/index.php\/wp-json\/wp\/v2\/pages"}],"about":[{"href":"https:\/\/www.vcc.com.mx\/index.php\/wp-json\/wp\/v2\/types\/page"}],"author":[{"embeddable":true,"href":"https:\/\/www.vcc.com.mx\/index.php\/wp-json\/wp\/v2\/users\/1"}],"replies":[{"embeddable":true,"href":"https:\/\/www.vcc.com.mx\/index.php\/wp-json\/wp\/v2\/comments?post=987486332"}],"version-history":[{"count":0,"href":"https:\/\/www.vcc.com.mx\/index.php\/wp-json\/wp\/v2\/pages\/987486332\/revisions"}],"wp:attachment":[{"href":"https:\/\/www.vcc.com.mx\/index.php\/wp-json\/wp\/v2\/media?parent=987486332"}],"curies":[{"name":"wp","href":"https:\/\/api.w.org\/{rel}","templated":true}]}}